{"id":48,"date":"2025-01-19T16:44:20","date_gmt":"2025-01-19T16:44:20","guid":{"rendered":"https:\/\/www.galibus.gal\/?page_id=48"},"modified":"2025-01-19T22:30:48","modified_gmt":"2025-01-19T22:30:48","slug":"asociacion","status":"publish","type":"page","link":"https:\/\/www.galibus.gal\/?page_id=48","title":{"rendered":"ASOCIACI\u00d3N"},"content":{"rendered":"\n<p>Asociaci\u00f3n Empresarial de Transportes de Viajeros por Carretera, PYMES<\/p>\n\n\n\n<div class=\"wp-block-media-text is-stacked-on-mobile\" style=\"grid-template-columns:28% auto\"><figure class=\"wp-block-media-text__media\"><img loading=\"lazy\" decoding=\"async\" width=\"512\" height=\"512\" src=\"https:\/\/www.galibus.gal\/wp-content\/uploads\/2025\/01\/bus_14544274.png\" alt=\"\" class=\"wp-image-49 size-full\" srcset=\"https:\/\/www.galibus.gal\/wp-content\/uploads\/2025\/01\/bus_14544274.png 512w, https:\/\/www.galibus.gal\/wp-content\/uploads\/2025\/01\/bus_14544274-300x300.png 300w, https:\/\/www.galibus.gal\/wp-content\/uploads\/2025\/01\/bus_14544274-150x150.png 150w, https:\/\/www.galibus.gal\/wp-content\/uploads\/2025\/01\/bus_14544274-120x120.png 120w, https:\/\/www.galibus.gal\/wp-content\/uploads\/2025\/01\/bus_14544274-105x105.png 105w, https:\/\/www.galibus.gal\/wp-content\/uploads\/2025\/01\/bus_14544274-380x380.png 380w, https:\/\/www.galibus.gal\/wp-content\/uploads\/2025\/01\/bus_14544274-285x285.png 285w\" sizes=\"(max-width: 512px) 100vw, 512px\" \/><\/figure><div class=\"wp-block-media-text__content\">\n<p><strong>Nace para dar visibilidad <\/strong><em>GALIB\u00daS<\/em><strong>&nbsp;a todas aquellas empresas<\/strong><\/p>\n\n\n\n<p>Nace para dar visibilidad y representatividad ante la administraci\u00f3n, de transporte de viajeros por carretera, tanto de servicio regular como discrecional; las cuales hasta el momento, no se ve\u00edan respaldadas por ninguna de las asociaciones existentes en el marco auton\u00f3mico.<\/p>\n<\/div><\/div>\n\n\n\n<p>Los socios fundadores de Galibus, coinciden en ser todos ellos peque\u00f1as y medianas empresas; dentro de un sector atomizado, en el que cada d\u00eda&nbsp;las Pymes&nbsp;tienen m\u00e1s dif\u00edcil<\/p>\n\n\n","protected":false},"excerpt":{"rendered":"<p>Asociaci\u00f3n Empresarial de Transportes de Viajeros por Carretera, PYMES Nace para dar visibilidad GALIB\u00daS&nbsp;a todas aquellas empresas Nace para dar visibilidad y representatividad ante la administraci\u00f3n, de transporte de viajeros por carretera, tanto de servicio regular como discrecional; las cuales hasta el momento, no se ve\u00edan respaldadas por ninguna de las asociaciones existentes en el<\/p>\n<p class=\"more-link\"><a href=\"https:\/\/www.galibus.gal\/?page_id=48\" class=\"themebutton\">Read More<\/a><\/p>\n","protected":false},"author":1,"featured_media":0,"parent":0,"menu_order":0,"comment_status":"closed","ping_status":"closed","template":"","meta":{"saved_in_kubio":true,"footnotes":""},"class_list":["post-48","page","type-page","status-publish","hentry"],"kubio_ai_page_context":{"short_desc":"","purpose":"general"},"_links":{"self":[{"href":"https:\/\/www.galibus.gal\/index.php?rest_route=\/wp\/v2\/pages\/48","targetHints":{"allow":["GET"]}}],"collection":[{"href":"https:\/\/www.galibus.gal\/index.php?rest_route=\/wp\/v2\/pages"}],"about":[{"href":"https:\/\/www.galibus.gal\/index.php?rest_route=\/wp\/v2\/types\/page"}],"author":[{"embeddable":true,"href":"https:\/\/www.galibus.gal\/index.php?rest_route=\/wp\/v2\/users\/1"}],"replies":[{"embeddable":true,"href":"https:\/\/www.galibus.gal\/index.php?rest_route=%2Fwp%2Fv2%2Fcomments&post=48"}],"version-history":[{"count":4,"href":"https:\/\/www.galibus.gal\/index.php?rest_route=\/wp\/v2\/pages\/48\/revisions"}],"predecessor-version":[{"id":107,"href":"https:\/\/www.galibus.gal\/index.php?rest_route=\/wp\/v2\/pages\/48\/revisions\/107"}],"wp:attachment":[{"href":"https:\/\/www.galibus.gal\/index.php?rest_route=%2Fwp%2Fv2%2Fmedia&parent=48"}],"curies":[{"name":"wp","href":"https:\/\/api.w.org\/{rel}","templated":true}]}}

ASOCIACIÓN

<p>Asociación Empresarial de Transportes de Viajeros por Carretera, PYMES</p>



<div class="wp-block-media-text is-stacked-on-mobile" style="grid-template-columns:28% auto"><figure class="wp-block-media-text__media"><img loading="lazy" decoding="async" width="512" height="512" src="https://www.galibus.gal/wp-content/uploads/2025/01/bus_14544274.png" alt="" class="wp-image-49 size-full" srcset="https://www.galibus.gal/wp-content/uploads/2025/01/bus_14544274.png 512w, https://www.galibus.gal/wp-content/uploads/2025/01/bus_14544274-300x300.png 300w, https://www.galibus.gal/wp-content/uploads/2025/01/bus_14544274-150x150.png 150w, https://www.galibus.gal/wp-content/uploads/2025/01/bus_14544274-120x120.png 120w, https://www.galibus.gal/wp-content/uploads/2025/01/bus_14544274-105x105.png 105w, https://www.galibus.gal/wp-content/uploads/2025/01/bus_14544274-380x380.png 380w, https://www.galibus.gal/wp-content/uploads/2025/01/bus_14544274-285x285.png 285w" sizes="(max-width: 512px) 100vw, 512px" /></figure><div class="wp-block-media-text__content">
<p><strong>Nace para dar visibilidad </strong><em>GALIBÚS</em><strong>&nbsp;a todas aquellas empresas</strong></p>



<p>Nace para dar visibilidad y representatividad ante la administración, de transporte de viajeros por carretera, tanto de servicio regular como discrecional; las cuales hasta el momento, no se veían respaldadas por ninguna de las asociaciones existentes en el marco autonómico.</p>
</div></div>



<p>Los socios fundadores de Galibus, coinciden en ser todos ellos pequeñas y medianas empresas; dentro de un sector atomizado, en el que cada día&nbsp;las Pymes&nbsp;tienen más difícil</p>

<p>Asociación Empresarial de Transportes de Viajeros por Carretera, PYMES Nace para dar visibilidad GALIBÚS&nbsp;a todas aquellas empresas Nace para dar visibilidad y representatividad ante la administración, de transporte de viajeros por carretera, tanto de servicio regular como discrecional; las cuales hasta el momento, no se veían respaldadas por ninguna de las asociaciones existentes en el</p>
<p class="more-link"><a href="https://www.galibus.gal/?page_id=48" class="themebutton">Read More</a></p>
